vert 1 (base 16) to base 7.
1
Convert -b (base 15) to base 8.
-13
Convert -3a (base 14) to base 6.
-124
26 (base 8) to base 12
1a
4 (base 13) to base 16
4
-10 (base 2) to base 11
-2
What is 127 (base 8) in base 14?
63
-15 (base 6) to base 16
-b
Convert -8 (base 14) to base 7.
-11
Convert -40 (base 11) to base 15.
-2e
What is -135 (base 15) in base 3?
-101012
Convert 1 (base 2) to base 9.
1
What is -23 (base 13) in base 6?
-45
13 (base 9) to base 10
12
Convert 24 (base 6) to base 14.
12
Convert -20 (base 11) to base 16.
-16
-141 (base 7) to base 2
-1001110
Convert 111000 (base 2) to base 11.
51
Convert -6 (base 10) to base 9.
-6
What is -20120 (base 3) in base 2?
-10110001
-39 (base 16) to base 5
-212
Convert -1124 (base 6) to base 15.
-12d
What is 46 (base 8) in base 9?
42
1010110 (base 2) to base 13
68
What is -1324 (base 5) in base 16?
-d6
Convert 60 (base 15) to base 4.
1122
What is 22 (base 3) in base 13?
8
4 (base 10) to base 4
10
Convert 1000 (base 2) to base 10.
8
What is -2 (base 3) in base 2?
-10
-1123 (base 4) to base 8
-133
Convert -48 (base 16) to base 2.
-1001000
18 (base 11) to base 13
16
What is -3 (base 10) in base 11?
-3
Convert 71 (base 13) to base 14.
68
What is -6 (base 11) in base 12?
-6
What is -b (base 16) in base 14?
-b
4a (base 16) to base 6
202
Convert -201 (base 3) to base 8.
-23
What is 140 (base 5) in base 14?
33
-18 (base 12) to base 2
-10100
What is 110 (base 15) in base 12?
180
Convert -23 (base 13) to base 5.
-104
Convert 53 (base 14) to base 4.
1021
Convert -1c (base 15) to base 12.
-23
What is 17 (base 9) in base 5?
31
Convert 2220 (base 3) to base 10.
78
What is -22001 (base 3) in base 15?
-e7
1130 (base 5) to base 3
20010
What is 407 (base 8) in base 15?
128
Convert 4b (base 16) to base 11.
69
Convert 4 (base 9) to base 11.
4
Convert -3 (base 10) to base 12.
-3
192 (base 11) to base 8
336
-1 (base 8) to base 3
-1
Convert -65 (base 16) to base 7.
-203
3 (base 4) to base 8
3
What is -111 (base 5) in base 12?
-27
What is -100101 (base 2) in base 5?
-122
Convert -11 (base 9) to base 3.
-101
What is -100 (base 2) in base 11?
-4
What is -1501 (base 6) in base 4?
-12031
Convert -1 (base 12) to base 4.
-1
Convert 0 (base 13) to base 10.
0
b1 (base 13) to base 14
a4
What is 411 (base 5) in base 7?
211
Convert -23 (base 9) to base 6.
-33
10 (base 12) to base 15
c
48 (base 11) to base 6
124
4 (base 6) to base 13
4
What is 22 (base 8) in base 12?
16
10 (base 13) to base 14
d
What is -10 (base 12) in base 4?
-30
What is 3 (base 9) in base 6?
3
What is 28 (base 15) in base 10?
38
Convert -104 (base 5) to base 11.
-27
What is -44 (base 9) in base 16?
-28
Convert -33 (base 6) to base 16.
-15
What is 98 (base 14) in base 6?
342
What is -3 (base 9) in base 5?
-3
Convert -73 (base 15) to base 5.
-413
Convert -1b6 (base 15) to base 7.
-1104
7 (base 14) to base 2
111
What is -206 (base 7) in base 6?
-252
What is -4 (base 8) in base 9?
-4
What is 20 (base 7) in base 5?
24
11000 (base 3) to base 15
73
What is 17 (base 14) in base 10?
21
-25 (base 11) to base 4
-123
Convert 3 (base 9) to base 7.
3
Convert 8 (base 13) to base 5.
13
111 (base 6) to base 16
2b
What is 202 (base 4) in base 16?
22
What is -a (base 14) in base 12?
-a
Convert 3 (base 5) to base 13.
3
What is 13 (base 6) in base 13?
9
-15 (base 6) to base 5
-21
Convert -8 (base 10) to base 2.
-1000
48 (base 14) to base 13
4c
Convert 11 (base 6) to base 7.
10
-21 (base 15) to base 3
-1011
-5a (base 15) to base 12
-71
-3 (base 10) to base 14
-3
What is 6 (base 15) in base 12?
6
Convert 4 (base 7) to base 5.
4
61 (base 8) to base 11
45
What is -4 (base 16) in base 3?
-11
5 (base 11) to base 8
5
What is -15 (base 16) in base 5?
-41
What is -a (base 15) in base 8?
-12
45 (base 10) to base 12
39
What is -29 (base 12) in base 11?
-30
Convert -5 (base 10) to base 14.
-5
Convert -27 (base 9) to base 11.
-23
What is 2203 (base 4) in base 8?
243
What is -b1 (base 15) in base 6?
-434
-19d (base 16) to base 5
-3123
What is 0 (base 5) in base 6?
0
Convert 3 (base 16) to base 9.
3
Convert 10 (base 7) to base 8.
7
3 (base 10) to base 11
3
What is -49 (base 13) in base 3?
-2021
What is -2e (base 15) in base 11?
-40
Convert -101011 (base 2) to base 6.
-111
What is -7d (base 14) in base 12?
-93
What is -55 (base 11) in base 7?
-114
Convert 10 (base 2) to base 9.
2
Convert 12 (base 5) to base 3.
21
Convert 27 (base 9) to base 2.
11001
What is 101 (base 2) in base 7?
5
What is 4 (base 8) in base 16?
4
What is -15 (base 6) in base 4?
-23
11 (base 2) to base 13
3
-1022 (base 3) to base 12
-2b
-11 (base 2) to base 16
-3
Convert -2 (base 14) to base 6.
-2
-4 (base 16) to base 15
-4
-1111 (base 2) to base 5
-30
2 (base 4) to base 10
2
What is c5 (base 16) in base 11?
16a
What is -a (base 11) in base 15?
-a
-2 (base 13) to base 2
-10
What is -1 (base 8) in base 12?
-1
What is 2021 (base 3) in base 12?
51
What is 70 (base 9) in base 16?
3f
Convert 8a (base 15) to base 6.
334
What is -2 (base 13) in base 9?
-2
Convert 20 (base 5) to base 16.
a
What is 144 (base 7) in base 9?
100
Convert 35 (base 10) to base 7.
50
What is -31 (base 4) in base 9?
-14
100 (base 5) to base 2
11001
Convert -130 (base 7) to base 14.
-50
Convert -73 (base 13) to base 9.
-114
What is 311 (base 7) in base 8?
233
Convert -4 (base 15) to base 14.
-4
4b (base 16) to base 15
50
4 (base 15) to base 14
4
What is -2 (base 13) in base 16?
-2
340 (base 7) to base 15
ba
-e0 (base 15) to base 16
-d2
-8 (base 14) to base 5
-13
What is -100 (base 2) in base 14?
-4
What is 3 (base 4) in base 7?
3
What is -52 (base 8) in base 14?
-30
What is 1 (base 16) in base 9?
1
What is 11 (base 14) in base 15?
10
1a (base 13) to base 7
32
Convert 110 (base 3) to base 5.
22
Convert -144 (base 6) to base 12.
-54
Convert -8 (base 11) to base 9.
-8
3 (base 13) to base 3
10
What is -100 (base 2) in base 7?
-4
Convert -11 (base 16) to base 10.
-17
1210 (base 3) to base 7
66
Convert -57 (base 10) to base 11.
-52
What is 210 (base 3) in base 14?
17
-71 (base 11) to base 7
-141
Convert -51 (base 10) to base 9.
-56
Convert -8 (base 16) to base 8.
-10
What is 1212 (base 5) in base 3?
20202
36 (base 12) to base 10
42
-3 (base 13) to base 8
-3
Convert 105 (base 6) to base 16.
29
13 (base 7) to base 3
101
-6 (base 16) to base 8
-6
What is 47 (base 8) in base 4?
213
Convert -212 (base 3) to base 6.
-35
What is 1 (base 10) in base 5?
1
Convert 10a (base 16) to base 11.
222
Convert -104 (base 9) to base 14.
-61
What is -d (base 16) in base 5?
-23
What is 59 (base 13) in base 12?
62
Convert 11 (base 5) to base 6.
10
Convert -200 (base 3) to base 9.
-20
What is 8 (base 13) in base 16?
8
What is -8 (base 12) in base 8?
-10
Convert -26 (base 9) to base 8.
-30
What is 3 (base 7) in base 9?
3
Convert -101110 (base 2) to base 16.
-2e
What is -e (base 15) in base 11?
-13
Convert -101 (base 2) to base 6.
-5
What is -64 (base 10) in base 14?
-48
What is 19c (base 15) in base 4?
11310
What is -1 (base 2) in base 14?
-1
75 (base 14) to base 6
251
What is -1 (base 9) in base 16?
-1
102 (base 3) to base 10
11
Convert -2 (base 10) to base 7.
-2
What is 15 (base 9) in base 6?
22
-c (base 15) to base 14
-c
What is 45 (base 6) in base 13?
23
Convert -5 (base 7) to base 16.
-5
Convert 7 (base 9) to base 3.
21
Convert 9 (base 15) to base 3.
100
What is -6 (base 15) in base 10?
-6
-14 (base 6) to base 7
-13
What is -53 (base 8) in base 3?
-1121
4 (base 13) to base 5
4
Convert -20 (base 3) to base 6.
-10
Convert -1110 (base 3) to base 14.
-2b
What is -20 (base 4) in base 2?
-1000
3e (base 15) to base 6
135
Convert 1550 (base 6) to base 2.
110101010
Convert -124 (base 8) to base 5.
-314
0 (base 15) to base 5
0
2e (base 15) to base 11
40
-173 (base 9) to base 3
-12110
What is 4 (base 10) in base 7?
4
Convert 2 (base 14) to base 13.
2
-223 (base 7) to base 14
-83
Convert -10 (base 5) to base 8.
-5
52 (base 6) to base 16
20
What is 0 (base 5) in base 16?
0
What is 20 (base 16) in base 8?
40
12 (base 15) to base 16
11
What is 0 (base 3) in base 13?
0
What is 28 (base 10) in base 9?
31
What is -1110 (base 5) in base 6?
-415
1000 (base 2) to base 11
8
-11 (base 2) to base 13
-3
Convert -6a (base 11) to base 15.
-51
What is 10 (base 3) in base 13?
3
Convert -2 (base 15) to base 13.
-2
Convert 